f 5472 and q.
32
Suppose 14*u - 1111 - 821 = 0. What is the highest common divisor of 17664 and u?
138
Let q be -2*(-2)/8*(1011 + 29). Suppose 3*i = -4*x + 12 + 78, -5*i + 124 = -2*x. What is the greatest common factor of q and i?
26
Let w be 3*(-1)/(4/(-8) - 1). Suppose 0 = -w*i - m + 2*m - 74, 0 = -i + m - 35. Let v be (-3 + 1)*(i/6 - 2). Calculate the greatest common factor of 187 and v.
17
Suppose 690 = 3*u + 240. Let p = u + -137. Let o(r) = 2*r + 5. Let q be o(4). What is the greatest common divisor of q and p?
13
Suppose -2*x - 277 - 17 = -2*j, 4*j - 5*x = 587. What is the highest common factor of 4 and j?
4
Let n be 1 + (-9)/3 + 1. Let l be (1/(-2))/(n/36). Suppose 38 = 3*g - 4*x - 18, -l = -g + 2*x. Calculate the greatest common divisor of g and 160.
20
Suppose u + t - 39 = 0, -2*t - 13 = -1. Calculate the highest common divisor of 605 and u.
5
Let o(x) = x + 23. Let d be o(-19). Suppose 3*v = -d*v + 28. Calculate the greatest common divisor of 108 and v.
4
Let a = -117 - -194. Let j be (-6)/21 + 176/a. Calculate the highest common factor of 81 and j.
1
Suppose -32981 = -9*o + 15115. What is the greatest common divisor of 128 and o?
32
Let f be 200 - -10*8/(-20). Suppose n + 3*o + 192 = 3*n, -2*o = -2*n + f. Calculate the highest common divisor of 24 and n.
6
Let j = -13 + 157. Let q = 599 + -509. Calculate the greatest common factor of q and j.
18
Let w be 4 - -2 - (-11 + (-50 - -1)). Calculate the highest common divisor of 7755 and w.
33
Let n(p) = 4*p + 6. Suppose t + 4*t - 53 = u, -34 = -4*t + 5*u. Let v be n(t). Let g be 12 + -10 + (v - 2). Calculate the highest common factor of g and 10.
10
Let g be ((-34)/3 - -2)/((-1860)/(-135) - 14). Calculate the greatest common divisor of 5376 and g.
42
Let j(h) = -h + 1. Let w be j(-3). Suppose -52 = -w*z - 0*z. Suppose 14199*i + 676 = 14212*i. What is the highest common factor of i and z?
13
Let x be -2 + 14*8/8. Let z = -201 + 261. Calculate the highest common divisor of z and x.
12
Let j = -22996 + 43168. What is the greatest common factor of j and 36?
12
Let d = 16023 + -10308. What is the greatest common factor of d and 180?
45
Suppose 4495*b + 42 = 4509*b. Calculate the highest common factor of 327 and b.
3
Suppose 12*u = -6*u + 18. Let k be (-3)/u - 3*2504/(-24). Calculate the greatest common divisor of k and 10.
10
Let q(u) be the second derivative of 5/6*u**3 + 0 - 7*u - 13/2*u**2. Let y be q(7). What is the highest common factor of 55 and y?
11
Let p(b) = -b**2 - 38*b - 16. Let w be p(-36). Calculate the greatest common divisor of w and 721.
7
Suppose -28*x - 28*x - 2523 = -59*x. Calculate the highest common factor of x and 58.
29
Let a(x) be the first derivative of 9*x**2/2 + 140*x + 40. Let y be a(-11). What is the highest common factor of y and 41?
41
Let t = -63 + 61. Let k be 2 + (t - (2 + 0)) + 4. Let u = 8 + -3. What is the greatest common factor of u and k?
1
Let m = 6 + 2. Let z = 137 + 118. Let r = -223 + z. Calculate the highest common divisor of r and m.
8
Let y = 1549 + 734. What is the greatest common divisor of 3 and y?
3
Suppose -192 = s - 13*s. Let w be 8/s - 10/4. Let x(z) = -z**3 - z**2 + 5. Let b be x(w). Calculate the highest common divisor of b and 18.
9
Let i = 301 + 624. Let z = i - 917. Suppose 0 = -4*s + 3 + 5. What is the highest common divisor of z and s?
2
Let m(l) = -3*l + 22. Let p be m(4). Suppose -2*d - 2*h + p = -4*h, -4*d + 5*h + 22 = 0. What is the greatest common factor of d and 111?
3
Suppose -5*p = -41 - 119. Let l = -20 + p. Suppose 5*m = 9*m - l. Calculate the highest common factor of m and 9.
3
Suppose 61*a - 18371 = 16765. What is the greatest common factor of 1600 and a?
64
Let x = -95 + 80. Let b be 12/(-9)*(0 + x). Suppose 0*q + 140 = q. Calculate the greatest common divisor of q and b.
20
Let n(u) = -u**2 - 12*u - 10. Let j be n(-11). Let r be (-25*j)/((-14)/14). Suppose 103 - 503 = -16*y. Calculate the highest common factor of r and y.
25
Let h(m) = 134*m + 3502. Let c be h(15). What is the highest common divisor of c and 212?
212
Suppose -20*d + 75681 = 16941. What is the greatest common divisor of d and 33?
33
Let v = -8 + -1. Let y = 74 + v. Suppose -8*q + 13*q - y = 0. Calculate the greatest common factor of 13 and q.
13
Suppose -4286 = -27*u + 2626. What is the highest common factor of 528 and u?
16
Let d be 1 - 4126/(-8) - (-78)/(-104). Let s = d + -411. What is the highest common factor of 147 and s?
21
Let o(l) = 20*l + 13. Let a be o(7). Let q(w) = w**3 - 10*w**2 - 21*w - 27. Let v be q(12). What is the greatest common factor of v and a?
9
Suppose 24*x - 15*x - 17764 = s, -3*x + 5928 = 3*s. Calculate the greatest common factor of 7614 and x.
282
Let n(k) = k**2 + 62*k + 701. Let f be n(-50). Calculate the highest common factor of 8 and f.
1
Suppose 156 - 154 - 110 = -18*k. Let c(u) = -3*u + 9. Let r be c(-7). What is the greatest common divisor of k and r?
6
Let n(q) = -178*q - 3688. Let s be n(-21). What is the greatest common factor of 1270 and s?
10
Let z = 132 + -52. Suppose -3*i + 52 = -z. What is the highest common divisor of i and 2?
2
Let s = -17114 + 17144. Calculate the greatest common divisor of 26490 and s.
30
Suppose -44*s + 5508 = -10*s. Let g be s/5 - (-26)/(-65). What is the greatest common divisor of g and 1088?
32
Suppose -3*x = x - 48. Let w = 71878 - 71494. What is the greatest common factor of w and x?
12
Suppose 4 = -2*j + 2, j + 6 = 5*q. Let u be (-89 - q)*(-78)/9. What is the highest common divisor of u and 30?
30
Suppose n = -4*i + 4704, -2*i - n = -2429 + 79. What is the highest common factor of i and 321?
107
Suppose 3*q + 38*w = 37*w + 24301, -2*q = w - 16201. Calculate the greatest common factor of 400 and q.
100
Let n = -5814 + 8656. What is the highest common divisor of 290 and n?
58
Let v be (12/(-10))/(27/135). Let a be 156*1/8*(-8)/v. Calculate the highest common divisor of a and 65.
13
Suppose 0 = -c - c - 12. Let n be c/(15/4*6/15). Let r be 6/n*(-9)/(36/32). Calculate the greatest common factor of r and 84.
12
Suppose 0 = 5*g + 2*l - 47312, 6*g - 8*g + 5*l + 18919 = 0. Suppose -19*v - g = -29792. Calculate the greatest common divisor of 10 and v.
10
Let b be (1/(-1))/((-3)/885). Let c(q) = 708*q + 3545. Let w be c(-5). Calculate the highest common divisor of w and b.
5
Suppose -10*i + 7312 + 6199 = 461. What is the greatest common factor of 27 and i?
9
Suppose 0 = 10*z - 2766 - 1284. Suppose 20*w = 25*w - z. Calculate the highest common factor of 36 and w.
9
Suppose -j - 34 + 179 = 0. Suppose 40 = 11*y - 279. Calculate the highest common factor of j and y.
29
Suppose -4*j = 12, -2*j = -x + 3*j + 719. Suppose -5*v = -v - x. Let a be ((-4)/(0 + 2))/((-8)/v). Calculate the greatest common factor of 11 and a.
11
Suppose 5*i - 50 = -h, 3*h - 254 = 4*i - 28. Suppose -585 = -2*a + 3*j, -4*a - 2*j + 1076 = -h. What is the highest common factor of 9 and a?
9
Let i = 12584 + -12416. Calculate the greatest common factor of i and 600.
24
Let d = -130 + 181. Let z = d + -21. What is the highest common divisor of z and 105?
15
Let p = -126 + 102. Let o be (p - -6)*((-404)/12 + -3). Calculate the greatest common factor of 11 and o.
11
Let z(l) = -7*l + 158. Let h be z(26). Let n be (-10695)/(-18) + (-2 - 44/h). Calculate the greatest common divisor of 22 and n.
22
Let v = 118 - 114. Let i(h) = -h**3 + 4*h**2 + 8*h - 4. Let n be i(v). What is the greatest common factor of 252 and n?
28
Let q = -28 - -31. Let r = -127 + 61. Let t be r/((-6)/2 - -1). Calculate the highest common divisor of t and q.
3
Let m(g) be the second derivative of -1/12*g**4 + 0 - 7/3*g**3 + 11*g**2 + 8*g. Let j be m(-11). Calculate the greatest common factor of j and 11.
11
Let c(q) = 20*q**2 + 19*q - 136. Let i be c(7). Let t = 1013 - i. Calculate the highest common factor of 234 and t.
18
Let p be ((-1)/(6/(-4)))/(14/273). Suppose -6*u - 70 = -p*u. What is the highest common divisor of u and 1?
1
Let c be 5/(20/32)*(-1)/2. Let i be ((-2)/c*-3)/(3/(-236)). Let p = i - 76. What is the highest common divisor of p and 14?
14
Let m(h) = -397*h + 1601. Let i be m(-22). Calculate the highest common factor of i and 195.
195
Let k = 1 + -2. Let n(b) be the second derivative of -6*b**5 + b**4/12 + b**3/2 + b**2 - 543*b. Let r be n(k).